uppose z - v = -3*v + 1, 2*z = 2*v - 4. Determine u(z).
-4
Let m(h) be the first derivative of -1/2*h**2 - 1 - 4*h. Determine m(-2).
-2
Let r = -13 - -11. Let b(l) be the second derivative of l**6/360 + l**5/60 + l**4/12 + l**3/6 + 2*l. Let u(v) be the second derivative of b(v). Give u(r).
2
Let x(z) = -z. Let u(f) = -9*f + 9. Let k be u(1). What is x(k)?
0
Let m(l) = l**2 - 4*l + 2. Let q(u) be the third derivative of 1/24*u**4 + 0 + 1/40*u**6 + u**2 - 1/60*u**5 + 0*u + 0*u**3. Let x be q(1). Determine m(x).
-1
Let g(j) = -2*j - 6. Suppose f = -2*f - 12. Let a = 5 + f. Let n = -4 - a. Determine g(n).
4
Let h(o) = -o**3 - 3*o**2 - 4*o - 1. Let w be h(-2). Suppose 2*x + 5 = w*x. Let s(k) = -k + 10. Determine s(x).
5
Suppose -b - 11 = 2*j, -8*j = -5*j + 2*b + 17. Let x(n) = n + 6. Determine x(j).
1
Let m be (-1)/((-1)/8*-1). Let n = 14 + m. Let r be (-4)/n*9/(-6). Let w(t) = 6*t. What is w(r)?
6
Let q(b) be the third derivative of -b**6/120 - b**5/60 - b**4/12 - b**3/6 - b**2. Let w = -8 + 7. Give q(w).
1
Let c(j) be the third derivative of j**5/40 + j**4/4 + 2*j**3/3 - 4*j**2. Let b(l) be the first derivative of c(l). Calculate b(-5).
-9
Let w(r) = 8*r**3 + r**2. Suppose -4*g + g + 12 = 0. Suppose g*v = 2*d + 2, 0 = -4*v - 3*d - 12 - 1. Calculate w(v).
-7
Let n(j) = -3*j - 7. Let k = 57 - 63. What is n(k)?
11
Let i(l) = l**2 - 2. Suppose -4*x = -n - 7, 2 = 5*n - 3*x + 20. Give i(n).
7
Let l(r) be the third derivative of -5*r**4/24 + 6*r**2. Calculate l(2).
-10
Suppose -5*b - 10 = 5. Let w(n) = -n**2 - 4*n. What is w(b)?
3
Let a(t) = -t**2 + 5*t - 6. Let w be (0 - -8 - 1)*1. Let d(j) = j**3 - 7*j**2 + j - 2. Let h be d(w). What is a(h)?
-6
Let u(v) = 5*v - 3. Let g(o) = -o. Let j(p) = -6*g(p) - u(p). Let n(y) = -4*y - 17. Let i be n(-5). Calculate j(i).
6
Let c(j) be the first derivative of -j**2/2 - 6*j - 5. Let d = 29 + -32. Give c(d).
-3
Suppose 4*y = j + 14, j - 22 = -y - 4*y. Let l(p) = j + 3*p + p**2 + p + 3*p. Suppose 64 + 8 = -12*s. Give l(s).
-4
Let g(x) = -2 + x - x**2 - x. Let j(v) = -v**3 - 4*v**2 + v + 2. Let l be j(-4). Let i be 39/(-18) - l/12. Give g(i).
-6
Let f(o) be the first derivative of o**4/4 - o**3 + 4*o - 1. Let j be f(3). Let u(r) = -r**3 + 4*r**2 + 3*r - 6. Calculate u(j).
6
Let a be (-21)/(-35) - 1/10. Let u(p) be the first derivative of 2 + a*p**2 + 5*p. Calculate u(-4).
1
Let q be 0*-3*(-1)/6. Suppose 0 = -q*w - 2*w - 8. Let m(r) = -r**2 - 3*r - 2. Calculate m(w).
-6
Suppose 0 = -2*c - a + 27 - 11, c = 5*a - 14. Let r(s) = -2*s - 11. Let t(b) = 2*b + 12. Let m(k) = c*r(k) + 5*t(k). What is m(-7)?
8
Let l(g) = -g**3 + g**2 + 5. Let w be l(0). Let i(s) = 3*s - w*s + 4*s - 1. Give i(2).
3
Let n = 1 + 3. Let s = -3 + n. Let c(y) = 3 - 3*y**3 - 2 + 6*y**3 - 2*y**2 + y**3. What is c(s)?
3
Let q(t) = -t**2 + 4*t - 2. Suppose 0 = 5*g + 5*d + 5, 4*d + 2 + 5 = -3*g. Suppose g*w - 11*w = -32. Determine q(w).
-2
Let j(z) = 2*z. Suppose -2*b - 2*b + 8 = 0. Let l be j(b). Suppose -l*i + i = -5*p - 2, 2*i - 2*p = 0. Let o(g) = 6*g. What is o(i)?
-6
Let x(j) = j**2 - j - 1. Let l be (1 + 1/(-1))/2. Suppose 2*u + l*u = -2. Let p be (u - -3)/2 - -1. Determine x(p).
1
Let i(n) be the second derivative of -n**3/6 + n**2/2 - n - 5. Determine i(0).
1
Suppose -15 = -5*m + 4*f, -4*f + 27 = -2*m - 9*f. Let z(h) = 4*h**2 + 2*h - 2*h. What is z(m)?
4
Let h(i) = -9*i - 6 + 4*i + i. Suppose 3*y + n = -9, -n - 1 = -2*y - 4*n. Give h(y).
10
Let r(d) = d**2 + 11*d + 12. Let a be r(-9). Let o(h) = h**2 - 2*h - 2. Let k(s) = -2*s**2 + 5*s + 4. Let y(j) = -6*k(j) - 13*o(j). Determine y(a).
-10
Let p(o) = 259*o**2 - 4 + o + o - 260*o**2. Determine p(4).
-12
Let b(m) = 4*m**2 - m. Let i be b(1). Let y(x) = -2*x**2 - 5*x + 1. Let r(z) = 0*z**2 + 0*z**2 - 3*z**2 - 10*z + 3. Let l(h) = 3*r(h) - 5*y(h). Give l(i).
-2
Let s(y) = y**3 + 5*y**2 - y - 6. Let l(g) = 5*g**2 - 3*g - 6 - 4*g - 4*g**2. Let h be l(8). Suppose v + 15 = -h*v. Calculate s(v).
-1
Let u(p) = p**2 - 2*p - 5. Let b be 0*(4 + (-45)/10). Let d(g) = 16*g. Let j be d(-1). Let o be j/(-4) - (-1 - b). Determine u(o).
10
Let l(g) = -15*g**3 + 18*g**2 - 12*g - 9. Let p(o) = -7*o**3 + 9*o**2 - 6*o - 5. Let a(j) = -6*l(j) + 13*p(j). Give a(8).
5
Let v(m) = m**2 - 9 + 6 + 2*m + 7*m**2. Let i(x) = 7*x**2 + 2*x - 2. Let h(g) = 4*i(g) - 3*v(g). Let d be 3/(-5) - 4/10. Calculate h(d).
3
Suppose -35*i = -28*i + 77. Let p(s) = s + 14. What is p(i)?
3
Let m(u) = -3*u**2 - 2*u + 2. Let a = -9 + 21. Let b be ((-8)/a)/((-2)/(-6)). Determine m(b).
-6
Let j(q) = -5*q - 9. Let f(d) = 7*d + 14. Let u(h) = 5*f(h) + 8*j(h). Give u(-3).
13
Let g be 12/(-4) + 8 - -1. Let d(l) = -l**3 + 7*l**2 - 9*l + 8. What is d(g)?
-10
Let q(s) be the second derivative of -s**4/12 + 7*s**3/6 - 7*s**2/2 + 10*s. Give q(7).
-7
Let m = 2 + 0. Let z(r) be the first derivative of -1/2*r**m + 0*r - 4. Give z(-6).
6
Let s(u) = 8*u - 11. Let v(t) = -23*t + 32. Suppose 0 = -l - 3 - 3. Let d(j) = l*v(j) - 17*s(j). Give d(6).
7
Let n(m) = 5*m**3 + m**2 - 10*m. Let a(r) = -6*r**3 - 2*r**2 + 11*r + 1. Let l(g) = -4*a(g) - 5*n(g). Determine l(4).
4
Suppose -2 = -5*s + 13. Let m(h) be the first derivative of h**3/3 - h**2/2 - 2*h - 15. Calculate m(s).
4
Suppose -6*j + j = 10. Let y(x) = 8*x + 21. Let d(q) = 2*q + 5. Suppose -5*r = 2*i - 28 + 71, -r - 2*i = 7. Let o(m) = r*d(m) + 2*y(m). Determine o(j).
1
Suppose 0 = -c - c + 2. Let x be (-6)/(-3) - (-5)/c. Let n(v) = -v**3 + 8*v**2 - 7*v + 2. Give n(x).
2
Let n(a) = a. Let k be 0/((-4)/(2 + -4)). Suppose 5*x - 10 - 5 = k. Determine n(x).
3
Let h(p) = -p + 9. Let m be h(7). Let l = -1 + m. Let x(z) = -4*z**3 + z**2. Determine x(l).
-3
Let z(u) be the first derivative of -1 - u**2 - 4/3*u**3 + 2*u - 1/2*u**4. Suppose -3*m + 0 = 6. What is z(m)?
6
Let y be (5 - 3)/((-2)/(-5)). Let m(o) = 1 + 6 - 4. Let a(f) = f + 6. Let t(b) = 2*a(b) - 5*m(b). What is t(y)?
7
Let g(p) be the first derivative of p**2/2 - 3*p + 1. Let x be (-2 + 3)/(2/6). Let z = -6 + x. Determine g(z).
-6
Let m(c) = -3 - 6 - c**2 + 2 + c + 11. Determine m(3).
-2
Let g(l) = l**3 - 4*l**2 - 3*l + 6. Let c be g(4). Let x(f) = 595 - 4*f - f**2 + 595 - 1191. Calculate x(c).
-13
Let h = 6 - 0. Suppose -3*o - h = 9. Let m(b) = b + 5. Determine m(o).
0
Let n(g) = 7*g**3 - 9*g**2 + 21*g - 11. Let t(z) = -3*z**3 + 5*z**2 - 10*z + 6. Let x(h) = -2*n(h) - 5*t(h). Calculate x(6).
4
Let k = 13 + -11. Let v(j) = -j - 1. Calculate v(k).
-3
Let y = 18 + -13. Let u(q) = -q**3 - 10*q**2 - 3*q - 8. Let c(g) = g**3 + 9*g**2 + 3*g + 7. Let m(r) = y*u(r) + 6*c(r). What is m(-3)?
2
Suppose -5*d - p = -15, -17 = 4*d - 5*p - 0*p. Let o(s) = s**d + 3*s**3 + 2 - 3*s**2 - s**3 - 1. Let r be 1/(-2) - 4/8. Give o(r).
-3
Suppose -3*h = 5*v + 5, 2*v + 16 = -2*h - 2*h. Suppose 0*w + v*w = 6. Let d(a) = a**2 - 4 - a - 2*a**2 - w*a + a. What is d(-4)?
-8
Let w(o) be the first derivative of -o**4/4 - 7*o**3/3 + 4*o**2 - 9*o - 24. Calculate w(-8).
-9
Suppose 211*l - 216*l = 5. Let y(r) = -2*r**2 - 2*r - 1. What is y(l)?
-1
Let i(u) = -u**2 + 2*u + 5*u**3 - 2*u + 5*u + 7. Let f(v) = -4*v**3 - 4*v - 7. Let j = -2 - 4. Let a(x) = j*f(x) - 5*i(x). What is a(5)?
2
Suppose -5*j + 20 = 5. Let y(i) = 7 - 2*i + 0*i + i + 0*i - 8. Determine y(j).
-4
Let h(x) = -x**2 - 5*x - 4. Let g(w) = -24*w + 22. Let i(z) = z - 1. Let o(f) = -2*g(f) - 44*i(f). Let j be o(-1). Determine h(j).
0
Let m be 4*(7/(-4) + 1). Let d(b) = -2*b**2 - 861 - 2*b - b + 863. Determine d(m).
-7
Let f(t) = 4*t**2 + t. Let i(u) = -12*u**2 - 3*u. Let y(l) = 8*f(l) + 3*i(l). Let o be (1 - (-2 - -6)) + 0. Let r = 2 + o. Determine y(r).
-3
Let i(q) = 0*q - q**3 + 3*q**2 - 3 - q + 0. Suppose -120 = -4*u + 4*g, -29 = -2*u - 4*g + 7. Let c be (-6)/(-15) - u/(-10). Determine i(c).
-6
Let m = -41 - -47. Let y(t) = -t**3 + 6*t**2 + 2*t - 9. Give y(m).
3
Let t be (15/10)/((-3)/(-4)). Suppose 40 = 4*z + 4*n, -5*n + 8 = -3*z - t. Let y(c) = -c + 3. Give y(z).
-2
Suppose 2 = 4*w - 6. Let v be (w/(-6))/((-2)/18). Let q(a) = -5*a - 3 - v*a**2 + 2 + 12*a - 4*a. Calculate q(2).
-7
Let z be 12*(-3)/9*-3. Suppose 4*n + n = -4*u - z, u - n = 6. Let p(t) = t**3 - 3*t**2 + 1. Calculate p(u).
-3
Let c(r) be the first derivative of -r**3/3 - 20*r + 6. Calculate c(0).
-20
Let j(v) = -v**2 + 1. Suppose 0 = -5*n + 4 - 34. Let u(i) = i**3